[INFO] fetching crate roughenough-fuzz 0.1.0...
[INFO] checking roughenough-fuzz-0.1.0 against master#af3c6e733a40e671550e0f0f5aeecaa13772ba56 for pr-74989
[INFO] extracting crate roughenough-fuzz 0.1.0 into /workspace/builds/worker-1/source
[INFO] validating manifest of crates.io crate roughenough-fuzz 0.1.0 on toolchain af3c6e733a40e671550e0f0f5aeecaa13772ba56
[INFO] running `Command { std: "/workspace/cargo-home/bin/cargo" "+af3c6e733a40e671550e0f0f5aeecaa13772ba56" "read-manifest" "--manifest-path" "Cargo.toml", kill_on_drop: false }`
[INFO] started tweaking crates.io crate roughenough-fuzz 0.1.0
[INFO] finished tweaking crates.io crate roughenough-fuzz 0.1.0
[INFO] tweaked toml for crates.io crate roughenough-fuzz 0.1.0 written to /workspace/builds/worker-1/source/Cargo.toml
[INFO] running `Command { std: "/workspace/cargo-home/bin/cargo" "+af3c6e733a40e671550e0f0f5aeecaa13772ba56" "generate-lockfile" "--manifest-path" "Cargo.toml" "-Zno-index-update", kill_on_drop: false }`
[INFO] [stderr]     Blocking waiting for file lock on package cache
[INFO] running `Command { std: "/workspace/cargo-home/bin/cargo" "+af3c6e733a40e671550e0f0f5aeecaa13772ba56" "fetch" "--locked" "--manifest-path" "Cargo.toml", kill_on_drop: false }`
[INFO] [stderr] warning: An explicit [[bin]] section is specified in Cargo.toml which currently
[INFO] [stderr] disables Cargo from automatically inferring other binary targets.
[INFO] [stderr] This inference behavior will change in the Rust 2018 edition and the following
[INFO] [stderr] files will be included as a binary target:
[INFO] [stderr] 
[INFO] [stderr] * /workspace/builds/worker-1/source/src/main.rs
[INFO] [stderr] 
[INFO] [stderr] This is likely to break cargo build or cargo test as these files may not be
[INFO] [stderr] ready to be compiled as a binary target today. You can future-proof yourself
[INFO] [stderr] and disable this warning by adding `autobins = false` to your [package]
[INFO] [stderr] section. You may also move the files to a location where Cargo would not
[INFO] [stderr] automatically infer them to be a target, such as in subfolders.
[INFO] [stderr] 
[INFO] [stderr] For more information on this warning you can consult
[INFO] [stderr] https://github.com/rust-lang/cargo/issues/5330
[INFO] running `Command { std: "docker" "create" "-v" "/var/lib/crater-agent-workspace/builds/worker-1/target:/opt/rustwide/target:rw,Z" "-v" "/var/lib/crater-agent-workspace/builds/worker-1/source:/opt/rustwide/workdir:ro,Z" "-v" "/var/lib/crater-agent-workspace/cargo-home:/opt/rustwide/cargo-home:ro,Z" "-v" "/var/lib/crater-agent-workspace/rustup-home:/opt/rustwide/rustup-home:ro,Z" "-e" "SOURCE_DIR=/opt/rustwide/workdir" "-e" "CARGO_TARGET_DIR=/opt/rustwide/target" "-e" "CARGO_HOME=/opt/rustwide/cargo-home" "-e" "RUSTUP_HOME=/opt/rustwide/rustup-home" "-w" "/opt/rustwide/workdir" "-m" "1610612736" "--user" "0:0" "--network" "none" "rustops/crates-build-env@sha256:d92eaeed33fa75130ca1ee6c8a01d1ffb62bac859dfdfb3450e3e5d1c0146529" "/opt/rustwide/cargo-home/bin/cargo" "+af3c6e733a40e671550e0f0f5aeecaa13772ba56" "metadata" "--no-deps" "--format-version=1", kill_on_drop: false }`
[INFO] [stdout] 32709c49e97927d4734423ddd622d3efa2a9c775cb13f6ab4b1e225ff61da54f
[INFO] [stderr] WARNING: Your kernel does not support swap limit capabilities or the cgroup is not mounted. Memory limited without swap.
[INFO] running `Command { std: "docker" "start" "-a" "32709c49e97927d4734423ddd622d3efa2a9c775cb13f6ab4b1e225ff61da54f", kill_on_drop: false }`
[INFO] running `Command { std: "docker" "inspect" "32709c49e97927d4734423ddd622d3efa2a9c775cb13f6ab4b1e225ff61da54f", kill_on_drop: false }`
[INFO] running `Command { std: "docker" "rm" "-f" "32709c49e97927d4734423ddd622d3efa2a9c775cb13f6ab4b1e225ff61da54f", kill_on_drop: false }`
[INFO] [stdout] 32709c49e97927d4734423ddd622d3efa2a9c775cb13f6ab4b1e225ff61da54f
[INFO] running `Command { std: "docker" "create" "-v" "/var/lib/crater-agent-workspace/builds/worker-1/target:/opt/rustwide/target:rw,Z" "-v" "/var/lib/crater-agent-workspace/builds/worker-1/source:/opt/rustwide/workdir:ro,Z" "-v" "/var/lib/crater-agent-workspace/cargo-home:/opt/rustwide/cargo-home:ro,Z" "-v" "/var/lib/crater-agent-workspace/rustup-home:/opt/rustwide/rustup-home:ro,Z" "-e" "SOURCE_DIR=/opt/rustwide/workdir" "-e" "CARGO_TARGET_DIR=/opt/rustwide/target" "-e" "CARGO_INCREMENTAL=0" "-e" "RUST_BACKTRACE=full" "-e" "RUSTFLAGS=--cap-lints=forbid" "-e" "CARGO_HOME=/opt/rustwide/cargo-home" "-e" "RUSTUP_HOME=/opt/rustwide/rustup-home" "-w" "/opt/rustwide/workdir" "-m" "1610612736" "--user" "0:0" "--network" "none" "rustops/crates-build-env@sha256:d92eaeed33fa75130ca1ee6c8a01d1ffb62bac859dfdfb3450e3e5d1c0146529" "/opt/rustwide/cargo-home/bin/cargo" "+af3c6e733a40e671550e0f0f5aeecaa13772ba56" "check" "--frozen" "--all" "--all-targets" "--message-format=json", kill_on_drop: false }`
[INFO] [stdout] 6d4659bcfbad086b615c9e74fa5d7d51862f3d2eecc30aa333acfc654b89df5a
[INFO] [stderr] WARNING: Your kernel does not support swap limit capabilities or the cgroup is not mounted. Memory limited without swap.
[INFO] running `Command { std: "docker" "start" "-a" "6d4659bcfbad086b615c9e74fa5d7d51862f3d2eecc30aa333acfc654b89df5a", kill_on_drop: false }`
[INFO] [stderr] warning: An explicit [[bin]] section is specified in Cargo.toml which currently
[INFO] [stderr] disables Cargo from automatically inferring other binary targets.
[INFO] [stderr] This inference behavior will change in the Rust 2018 edition and the following
[INFO] [stderr] files will be included as a binary target:
[INFO] [stderr] 
[INFO] [stderr] * /opt/rustwide/workdir/src/main.rs
[INFO] [stderr] 
[INFO] [stderr] This is likely to break cargo build or cargo test as these files may not be
[INFO] [stderr] ready to be compiled as a binary target today. You can future-proof yourself
[INFO] [stderr] and disable this warning by adding `autobins = false` to your [package]
[INFO] [stderr] section. You may also move the files to a location where Cargo would not
[INFO] [stderr] automatically infer them to be a target, such as in subfolders.
[INFO] [stderr] 
[INFO] [stderr] For more information on this warning you can consult
[INFO] [stderr] https://github.com/rust-lang/cargo/issues/5330
[INFO] [stderr]     Blocking waiting for file lock on package cache
[INFO] [stderr]    Compiling autocfg v1.0.1
[INFO] [stderr]     Checking cfg-if v0.1.10
[INFO] [stderr]    Compiling bitflags v1.2.1
[INFO] [stderr]    Compiling cc v1.0.59
[INFO] [stderr]     Checking lazy_static v1.4.0
[INFO] [stderr]    Compiling byteorder v1.3.4
[INFO] [stderr]    Compiling xdg v2.2.0
[INFO] [stderr]     Checking slab v0.4.2
[INFO] [stderr]    Compiling honggfuzz v0.5.51
[INFO] [stderr]     Checking humansize v1.1.0
[INFO] [stderr]     Checking hex v0.4.2
[INFO] [stderr]     Checking arbitrary v0.4.6
[INFO] [stderr]     Checking semver v0.9.0
[INFO] [stderr]     Checking rand_core v0.3.1
[INFO] [stderr]     Checking yaml-rust v0.4.4
[INFO] [stderr]     Checking iovec v0.1.4
[INFO] [stderr]     Checking time v0.1.44
[INFO] [stderr]     Checking rand_os v0.1.3
[INFO] [stderr]     Checking colored v1.9.3
[INFO] [stderr]     Checking rand_isaac v0.1.1
[INFO] [stderr]     Checking rand_hc v0.1.0
[INFO] [stderr]     Checking rand_xorshift v0.1.1
[INFO] [stderr]     Checking rand_chacha v0.1.1
[INFO] [stderr]     Checking log v0.4.11
[INFO] [stderr]     Checking net2 v0.2.35
[INFO] [stderr]     Checking rustc_version v0.2.3
[INFO] [stderr]     Checking rand v0.6.5
[INFO] [stderr]    Compiling num-traits v0.2.12
[INFO] [stderr]    Compiling num-integer v0.1.43
[INFO] [stderr]    Compiling afl v0.3.2
[INFO] [stderr]     Checking nix v0.17.0
[INFO] [stderr]     Checking clap v2.33.3
[INFO] [stderr]     Checking mio v0.6.22
[INFO] [stderr]     Checking bytes v0.4.12
[INFO] [stderr]    Compiling ring v0.13.5
[INFO] [stderr] error: failed to run custom build command for `afl v0.3.2`
[INFO] [stderr] 
[INFO] [stderr] Caused by:
[INFO] [stderr]   process didn't exit successfully: `/opt/rustwide/target/debug/build/afl-2bbf6ff0b16eac6c/build-script-build` (exit code: 101)
[INFO] [stderr]   --- stdout
[INFO] [stderr]   rm -f afl-gcc afl-fuzz afl-showmap afl-tmin afl-gotcpu afl-analyze afl-as as afl-g++ afl-clang afl-clang++ *.o *~ a.out core core.[1-9][0-9]* *.stackdump test .test test-instr .test-instr0 .test-instr1 qemu_mode/qemu-2.10.0.tar.bz2 afl-qemu-trace
[INFO] [stderr]   rm -rf out_dir qemu_mode/qemu-2.10.0
[INFO] [stderr]   make -C llvm_mode clean
[INFO] [stderr]   make[1]: Entering directory '/opt/rustwide/cargo-home/registry/src/github.com-1ecc6299db9ec823/afl-0.3.2/afl-2.52b/llvm_mode'
[INFO] [stderr]   rm -f *.o *.so *~ a.out core core.[1-9][0-9]* test-instr .test-instr0 .test-instr1 
[INFO] [stderr]   rm -f ../afl-clang-fast ../afl-llvm-rt.o ../afl-llvm-rt-32.o ../afl-llvm-rt-64.o ../afl-clang-fast++
[INFO] [stderr]   make[1]: Leaving directory '/opt/rustwide/cargo-home/registry/src/github.com-1ecc6299db9ec823/afl-0.3.2/afl-2.52b/llvm_mode'
[INFO] [stderr]   make -C libdislocator clean
[INFO] [stderr]   make[1]: Entering directory '/opt/rustwide/cargo-home/registry/src/github.com-1ecc6299db9ec823/afl-0.3.2/afl-2.52b/libdislocator'
[INFO] [stderr]   rm -f *.o *.so *~ a.out core core.[1-9][0-9]*
[INFO] [stderr]   rm -f libdislocator.so
[INFO] [stderr]   make[1]: Leaving directory '/opt/rustwide/cargo-home/registry/src/github.com-1ecc6299db9ec823/afl-0.3.2/afl-2.52b/libdislocator'
[INFO] [stderr]   make -C libtokencap clean
[INFO] [stderr]   make[1]: Entering directory '/opt/rustwide/cargo-home/registry/src/github.com-1ecc6299db9ec823/afl-0.3.2/afl-2.52b/libtokencap'
[INFO] [stderr]   rm -f *.o *.so *~ a.out core core.[1-9][0-9]*
[INFO] [stderr]   rm -f libtokencap.so
[INFO] [stderr]   make[1]: Leaving directory '/opt/rustwide/cargo-home/registry/src/github.com-1ecc6299db9ec823/afl-0.3.2/afl-2.52b/libtokencap'
[INFO] [stderr]   [*] Checking for the ability to compile x86 code...
[INFO] [stderr] 
[INFO] [stderr]   Oops, looks like your compiler can't generate x86 code.
[INFO] [stderr] 
[INFO] [stderr]   Don't panic! You can use the LLVM or QEMU mode, but see docs/INSTALL first.
[INFO] [stderr]   (To ignore this error, set AFL_NO_X86=1 and try again.)
[INFO] [stderr] 
[INFO] [stderr] 
[INFO] [stderr]   --- stderr
[INFO] [stderr]   /usr/bin/ld: cannot open output file .test: Read-only file system
[INFO] [stderr]   collect2: error: ld returned 1 exit status
[INFO] [stderr]   make: *** [Makefile:53: test_x86] Error 1
[INFO] [stderr]   thread 'main' panicked at 'assertion failed: status.success()', /opt/rustwide/cargo-home/registry/src/github.com-1ecc6299db9ec823/afl-0.3.2/build.rs:29:5
[INFO] [stderr]   stack backtrace:
[INFO] [stderr]      0:     0x563e275d4f90 - std::backtrace_rs::backtrace::libunwind::trace::h452faf99f32e7c93
[INFO] [stderr]                                  at /rustc/af3c6e733a40e671550e0f0f5aeecaa13772ba56/library/std/src/../../backtrace/src/backtrace/libunwind.rs:96
[INFO] [stderr]      1:     0x563e275d4f90 - std::backtrace_rs::backtrace::trace_unsynchronized::he40edc71437667a1
[INFO] [stderr]                                  at /rustc/af3c6e733a40e671550e0f0f5aeecaa13772ba56/library/std/src/../../backtrace/src/backtrace/mod.rs:66
[INFO] [stderr]      2:     0x563e275d4f90 - std::sys_common::backtrace::_print_fmt::h6c51d6ade71f46bf
[INFO] [stderr]                                  at /rustc/af3c6e733a40e671550e0f0f5aeecaa13772ba56/library/std/src/sys_common/backtrace.rs:79
[INFO] [stderr]      3:     0x563e275d4f90 - <std::sys_common::backtrace::_print::DisplayBacktrace as core::fmt::Display>::fmt::h3cd15d7003dec37a
[INFO] [stderr]                                  at /rustc/af3c6e733a40e671550e0f0f5aeecaa13772ba56/library/std/src/sys_common/backtrace.rs:58
[INFO] [stderr]      4:     0x563e275f253c - core::fmt::write::h1857a60b204f1b6a
[INFO] [stderr]                                  at /rustc/af3c6e733a40e671550e0f0f5aeecaa13772ba56/library/core/src/fmt/mod.rs:1080
[INFO] [stderr]      5:     0x563e275d24a7 - std::io::Write::write_fmt::hac61caff894c35ae
[INFO] [stderr]                                  at /rustc/af3c6e733a40e671550e0f0f5aeecaa13772ba56/library/std/src/io/mod.rs:1517
[INFO] [stderr]      6:     0x563e275d71e0 - std::sys_common::backtrace::_print::haa2f390fb7957e3e
[INFO] [stderr]                                  at /rustc/af3c6e733a40e671550e0f0f5aeecaa13772ba56/library/std/src/sys_common/backtrace.rs:61
[INFO] [stderr]      7:     0x563e275d71e0 - std::sys_common::backtrace::print::h48c7cbbad9013bb1
[INFO] [stderr]                                  at /rustc/af3c6e733a40e671550e0f0f5aeecaa13772ba56/library/std/src/sys_common/backtrace.rs:48
[INFO] [stderr]      8:     0x563e275d71e0 - std::panicking::default_hook::{{closure}}::h8b7ff05a31e71d55
[INFO] [stderr]                                  at /rustc/af3c6e733a40e671550e0f0f5aeecaa13772ba56/library/std/src/panicking.rs:208
[INFO] [stderr]      9:     0x563e275d6f2c - std::panicking::default_hook::h2f00c78800d98e4c
[INFO] [stderr]                                  at /rustc/af3c6e733a40e671550e0f0f5aeecaa13772ba56/library/std/src/panicking.rs:227
[INFO] [stderr]     10:     0x563e275d7843 - std::panicking::rust_panic_with_hook::h4eaa635e4694aef3
[INFO] [stderr]                                  at /rustc/af3c6e733a40e671550e0f0f5aeecaa13772ba56/library/std/src/panicking.rs:577
[INFO] [stderr]     11:     0x563e27594438 - std::panicking::begin_panic::{{closure}}::hebf71e3faced38f3
[INFO] [stderr]                                  at /rustc/af3c6e733a40e671550e0f0f5aeecaa13772ba56/library/std/src/panicking.rs:506
[INFO] [stderr]     12:     0x563e27592d58 - std::sys_common::backtrace::__rust_end_short_backtrace::h9031eff35284acd9
[INFO] [stderr]                                  at /rustc/af3c6e733a40e671550e0f0f5aeecaa13772ba56/library/std/src/sys_common/backtrace.rs:153
[INFO] [stderr]     13:     0x563e27594363 - std::panicking::begin_panic::hcdf7fc3fce5047d7
[INFO] [stderr]                                  at /rustc/af3c6e733a40e671550e0f0f5aeecaa13772ba56/library/std/src/panicking.rs:505
[INFO] [stderr]     14:     0x563e275959a0 - build_script_build::build_afl::hd68bc594821bb301
[INFO] [stderr]                                  at /opt/rustwide/cargo-home/registry/src/github.com-1ecc6299db9ec823/afl-0.3.2/build.rs:29
[INFO] [stderr]     15:     0x563e275957df - build_script_build::main::h828febbbaabefd05
[INFO] [stderr]                                  at /opt/rustwide/cargo-home/registry/src/github.com-1ecc6299db9ec823/afl-0.3.2/build.rs:14
[INFO] [stderr]     16:     0x563e27592e2b - core::ops::function::FnOnce::call_once::h40d89034880bfad7
[INFO] [stderr]                                  at /rustc/af3c6e733a40e671550e0f0f5aeecaa13772ba56/library/core/src/ops/function.rs:227
[INFO] [stderr]     17:     0x563e27592d8e - std::sys_common::backtrace::__rust_begin_short_backtrace::ha2a00db59e72b966
[INFO] [stderr]                                  at /rustc/af3c6e733a40e671550e0f0f5aeecaa13772ba56/library/std/src/sys_common/backtrace.rs:137
[INFO] [stderr]     18:     0x563e27594081 - std::rt::lang_start::{{closure}}::h8154ccff4923e3d7
[INFO] [stderr]                                  at /rustc/af3c6e733a40e671550e0f0f5aeecaa13772ba56/library/std/src/rt.rs:66
[INFO] [stderr]     19:     0x563e275d7c41 - core::ops::function::impls::<impl core::ops::function::FnOnce<A> for &F>::call_once::hecc21eb9018cc197
[INFO] [stderr]                                  at /rustc/af3c6e733a40e671550e0f0f5aeecaa13772ba56/library/core/src/ops/function.rs:259
[INFO] [stderr]     20:     0x563e275d7c41 - std::panicking::try::do_call::h174ad655d084b5c7
[INFO] [stderr]                                  at /rustc/af3c6e733a40e671550e0f0f5aeecaa13772ba56/library/std/src/panicking.rs:381
[INFO] [stderr]     21:     0x563e275d7c41 - std::panicking::try::h479e6054ce28de10
[INFO] [stderr]                                  at /rustc/af3c6e733a40e671550e0f0f5aeecaa13772ba56/library/std/src/panicking.rs:345
[INFO] [stderr]     22:     0x563e275d7c41 - std::panic::catch_unwind::hb558ddea2b3e9c45
[INFO] [stderr]                                  at /rustc/af3c6e733a40e671550e0f0f5aeecaa13772ba56/library/std/src/panic.rs:382
[INFO] [stderr]     23:     0x563e275d7c41 - std::rt::lang_start_internal::h163149047f0a8b61
[INFO] [stderr]                                  at /rustc/af3c6e733a40e671550e0f0f5aeecaa13772ba56/library/std/src/rt.rs:51
[INFO] [stderr]     24:     0x563e27594057 - std::rt::lang_start::h92e8753f6e3e3394
[INFO] [stderr]                                  at /rustc/af3c6e733a40e671550e0f0f5aeecaa13772ba56/library/std/src/rt.rs:65
[INFO] [stderr]     25:     0x563e27595e2a - main
[INFO] [stderr]     26:     0x7f652ce730b3 - __libc_start_main
[INFO] [stderr]     27:     0x563e275910be - _start
[INFO] [stderr]     28:                0x0 - <unknown>
[INFO] [stderr] warning: build failed, waiting for other jobs to finish...
[INFO] [stderr] error: build failed
[INFO] running `Command { std: "docker" "inspect" "6d4659bcfbad086b615c9e74fa5d7d51862f3d2eecc30aa333acfc654b89df5a", kill_on_drop: false }`
[INFO] running `Command { std: "docker" "rm" "-f" "6d4659bcfbad086b615c9e74fa5d7d51862f3d2eecc30aa333acfc654b89df5a", kill_on_drop: false }`
[INFO] [stdout] 6d4659bcfbad086b615c9e74fa5d7d51862f3d2eecc30aa333acfc654b89df5a
